hen 584 is divided by 84?
80
What is the remainder when 3038 is divided by 8?
6
Calculate the remainder when 177 is divided by 171.
6
Calculate the remainder when 33 is divided by 12.
9
Calculate the remainder when 676 is divided by 62.
56
What is the remainder when 100 is divided by 44?
12
Calculate the remainder when 14319 is divided by 66.
63
What is the remainder when 152 is divided by 40?
32
What is the remainder when 2435 is divided by 66?
59
Calculate the remainder when 23 is divided by 8.
7
What is the remainder when 985 is divided by 55?
50
What is the remainder when 27 is divided by 11?
5
What is the remainder when 1661 is divided by 13?
10
What is the remainder when 1245 is divided by 83?
0
Calculate the remainder when 2304 is divided by 78.
42
Calculate the remainder when 41 is divided by 9.
5
Calculate the remainder when 1580 is divided by 99.
95
Calculate the remainder when 3213 is divided by 134.
131
Calculate the remainder when 154 is divided by 82.
72
Calculate the remainder when 2809 is divided by 2768.
41
What is the remainder when 6046 is divided by 42?
40
Calculate the remainder when 5625 is divided by 29.
28
What is the remainder when 742 is divided by 671?
71
What is the remainder when 1482 is divided by 8?
2
Calculate the remainder when 157 is divided by 32.
29
Calculate the remainder when 158 is divided by 97.
61
Calculate the remainder when 1492 is divided by 256.
212
Calculate the remainder when 1703 is divided by 27.
2
Calculate the remainder when 979 is divided by 35.
34
What is the remainder when 137 is divided by 47?
43
What is the remainder when 129 is divided by 22?
19
What is the remainder when 4535 is divided by 63?
62
What is the remainder when 508 is divided by 366?
142
Calculate the remainder when 229 is divided by 69.
22
What is the remainder when 124 is divided by 7?
5
Calculate the remainder when 7827 is divided by 182.
1
Calculate the remainder when 1382 is divided by 9.
5
What is the remainder when 335 is divided by 21?
20
Calculate the remainder when 461 is divided by 16.
13
What is the remainder when 207 is divided by 115?
92
Calculate the remainder when 188 is divided by 162.
26
Calculate the remainder when 443 is divided by 34.
1
What is the remainder when 342 is divided by 8?
6
What is the remainder when 10598 is divided by 62?
58
Calculate the remainder when 3894 is divided by 41.
40
What is the remainder when 2880 is divided by 474?
36
What is the remainder when 3564 is divided by 28?
8
What is the remainder when 122 is divided by 17?
3
What is the remainder when 135 is divided by 50?
35
Calculate the remainder when 433 is divided by 44.
37
What is the remainder when 93 is divided by 40?
13
What is the remainder when 319 is divided by 102?
13
What is the remainder when 1055 is divided by 30?
5
What is the remainder when 1515 is divided by 33?
30
What is the remainder when 888 is divided by 150?
138
Calculate the remainder when 328 is divided by 21.
13
What is the remainder when 1477 is divided by 17?
15
Calculate the remainder when 118 is divided by 2.
0
Calculate the remainder when 754 is divided by 131.
99
Calculate the remainder when 336 is divided by 183.
153
Calculate the remainder when 1922 is divided by 958.
6
What is the remainder when 1003 is divided by 48?
43
What is the remainder when 88 is divided by 47?
41
What is the remainder when 1070 is divided by 26?
4
Calculate the remainder when 141 is divided by 18.
15
Calculate the remainder when 324 is divided by 41.
37
Calculate the remainder when 18 is divided by 13.
5
What is the remainder when 381 is divided by 48?
45
Calculate the remainder when 229 is divided by 21.
19
What is the remainder when 11465 is divided by 31?
26
Calculate the remainder when 74 is divided by 19.
17
What is the remainder when 600 is divided by 208?
184
Calculate the remainder when 1074 is divided by 43.
42
Calculate the remainder when 391 is divided by 11.
6
Calculate the remainder when 309 is divided by 127.
55
What is the remainder when 445 is divided by 14?
11
Calculate the remainder when 227 is divided by 74.
5
What is the remainder when 127 is divided by 43?
41
What is the remainder when 357 is divided by 339?
18
Calculate the remainder when 232 is divided by 123.
109
Calculate the remainder when 8383 is divided by 195.
193
What is the remainder when 350 is divided by 59?
55
What is the remainder when 416 is divided by 15?
11
Calculate the remainder when 186 is divided by 19.
15
What is the remainder when 61 is divided by 7?
5
What is the remainder when 585 is divided by 59?
54
Calculate the remainder when 504 is divided by 501.
3
What is the remainder when 260 is divided by 24?
20
What is the remainder when 162 is divided by 11?
8
What is the remainder when 233 is divided by 57?
5
What is the remainder when 127 is divided by 37?
16
What is the remainder when 743 is divided by 37?
3
What is the remainder when 3307 is divided by 11?
7
Calculate the remainder when 609 is divided by 203.
0
What is the remainder when 502 is divided by 3?
1
What is the remainder when 853 is divided by 43?
36
Calculate the remainder when 567 is divided by 15.
12
Calculate the remainder when 1561 is divided by 34.
31
What is the remainder when 447 is divided by 50?
47
What is the remainder when 220 is divided by 25?
20
What is the remainder when 190 is divided by 66?
58
What is the remainder when 3733 is divided by 1243?
4
Calculate the remainder when 120 is divided by 91.
29
Calculate the remainder when 263 is divided by 97.
69
What is the remainder when 310 is divided by 21?
16
Calculate the remainder when 666 is divided by 209.
39
Calculate the remainder when 699 is divided by 56.
27
Calculate the remainder when 772 is divided by 222.
106
What is the remainder when 1078 is divided by 47?
44
What is the remainder when 429 is divided by 108?
105
What is the remainder when 954 is divided by 51?
36
Calculate the remainder when 4168 is divided by 139.
137
What is the remainder when 23758 is divided by 240?
238
What is the remainder when 346 is divided by 96?
58
Calculate the remainder when 200 is divided by 22.
2
What is the remainder when 6567 is divided by 18?
15
Calculate the remainder when 210 is divided by 55.
45
What is the remainder when 344 is divided by 23?
22
Calculate the remainder when 3602 is divided by 75.
2
Calculate the remainder when 407 is divided by 82.
79
What is the remainder when 81 is divided by 17?
13
What is the remainder when 2666 is divided by 127?
126
What is the remainder when 285 is divided by 13?
12
Calculate the remainder when 733 is divided by 148.
141
What is the remainder when 34 is divided by 3?
1
Calculate the remainder when 310 is divided by 26.
24
What is the remainder when 2218 is divided by 139?
133
Calculate the remainder when 895 is divided by 16.
15
Calculate the remainder when 113 is divided by 2.
1
Calculate the remainder when 267 is divided by 10.
7
Calculate the remainder when 1822 is divided by 83.
79
What is the remainder when 778 is divided by 52?
50
Calculate the remainder when 94 is divided by 62.
32
Calculate the remainder when 72943 is divided by 94.
93
Calculate the remainder when 32 is divided by 13.
6
Calculate the remainder when 107 is divided by 27.
26
Calculate the remainder when 331 is divided by 37.
35
What is the remainder when 254 is divided by 52?
46
Calculate the remainder when 1016 is divided by 91.
15
Calculate the remainder when 543 is divided by 63.
39
What is the remainder when 3695 is divided by 56?
55
Calculate the remainder when 5448 is divided by 218.
216
What is the remainder when 117 is divided by 35?
12
Calculate the remainder when 40 is divided by 10.
0
Calculate the remainder when 695 is divided by 6.
5
Calculate the remainder when 34846 is divided by 88.
86
Calculate the remainder when 1074 is divided by 20.
14
Calculate the remainder when 128 is divided by 70.
58
What is the remainder when 810 is divided by 30?
0
Calculate the remainder when 3627 is divided by 903.
15
What is the remainder when 1590 is divided by 200?
190
What is the remainder when 18 is divided by 10?
8
What is the remainder when 42 is divided by 5?
2
What is the remainder when 2025 is divided by 176?
89
What is the remainde